5.
-7
What is 24 + -33 + (31 - 11)?
11
Calculate (24 - 29) + (1 - 3) - (0 - 29).
22
What is the value of -8 + (-109 + 102 - (0 - -4))?
-19
What is -11 + (7 - 6) + (23 - 0)?
13
21 + -28 - ((-13 - -5) + 5)
-4
Calculate -10 - (-11 + 11 - ((-2 - 2) + -2)).
-16
2 + (0 - 32) + 879 + -889
-40
What is the value of -18 - (19 + -20 + -30)?
13
Calculate (-44 - -78) + (-1 - 15).
18
Calculate (-4 - (44 - 14)) + (23 - 15).
-26
What is 6 - (-23 + (12 + -4 - (2 + 1)))?
24
Evaluate 8 - ((-18 - (-7 - 1)) + 7).
11
What is (-18 - (2 - 10)) + 3 + 17?
10
-16 + -1 + (1 + 3 - 8) + 3
-18
Evaluate -10 + (4 + 2 - 4) + 2 + -5.
-11
Calculate -23 + 19 + -19 - -34.
11
What is -346 + 359 + -6 + 0?
7
What is the value of 15 + -5 + 6 + (-4 - 4)?
8
Calculate -1 + 0 - -4 - (13 + (-14 - 6)).
10
(2 - 2) + (-3 - 8 - -9) - 7
-9
What is (47 - 70) + 6 + 12?
-5
Evaluate (-8 - -15) + -2 + 16.
21
-2 + 1 + -1 + -68 + 69 + -2
-3
Calculate 1 - 0 - (51 - 45) - 7.
-12
(-36 + 40 - (2 - -1)) + -9 - 5
-13
Evaluate (1 - -1) + (-16 - (-20 - 6)).
12
What is the value of (9 - 2 - 7) + 9 + -2 + 2?
9
What is 26 + (-48 - -15) + -14?
-21
What is (-21 + 11 - -18) + (-2 - 4)?
2
7 + -40 + 97 + -35
29
What is (-10 - (5 + -8)) + 8 - (-9 - -3)?
7
Evaluate 2 + -24 + (-42 - -58) - (0 - 8).
2
What is 1 + 5 + (3 + 3 - 2)?
10
What is the value of -14 + (6 - -2) - ((2 - -5) + -1)?
-12
Evaluate -1 - 7 - (-1229 - -1237).
-16
What is 1 - -21 - ((5 - 9 - -2) + 8)?
16
Calculate -6 - -13 - -3 - (7 - 6).
9
Evaluate -10 - (6 + (-8 - -2) - 26).
16
Evaluate -9 - -14 - (11 + -3).
-3
-12 - (-2 + (-2 - 5))
-3
Calculate (72 - 81) + (0 - (-20 - 2)).
13
What is the value of (1 + 11 - (15 + (19 - 38))) + -1?
15
What is the value of 11 + 5 + -1 - (2 + -1 + 3)?
11
Evaluate 3 - 0 - ((1 - 15) + 51 + -41).
7
Calculate -2 + (-32 + 17 - -23) + 26.
32
Calculate (-1 - 8 - (-47 + 41)) + 1.
-2
Calculate -8 + 0 + (99 - 30 - 43).
18
What is (0 - 0) + -1 - (-787 - -802)?
-16
What is 0 + (-19 + 13 - 5)?
-11
Calculate (0 - -4) + (-12 - 2) + -8 + 3.
-15
What is -36 + 37 + -3 + 8?
6
What is the value of -42 + 5 + 255 + -194?
24
Evaluate (1 - -18) + (-33 - -23).
9
Evaluate 4 - (30 + 9 - 21).
-14
Calculate -1 + 2 + 6 + (14 - (3 - -5)).
13
What is (-2 - (-25 + 12)) + (-4 - 2)?
5
Evaluate (16 - (16 - -1)) + -9.
-10
Evaluate 6 - ((671 - 671) + (1 + -2 - -25)).
-18
Evaluate 3 + -3 + -3 + (-4 + 1 - -4).
-2
-18 - -28 - (1 - 1)
10
Evaluate 32 - (19 + (26 - 30)).
17
What is the value of 5 + (8 - 13 - -12)?
12
(26 - (22 - -1)) + -38
-35
What is (12 - (3 - -1)) + 18 + (-24 - -15)?
17
(-6 - -7) + -3 + 0
-2
146 + -146 + -2 + 8
6
What is the value of 11 + 38 + (22 - 37)?
34
What is (0 + 0 + 1 - -6) + 5?
12
59 + -51 + (-4 - 9)
-5
What is the value of -1 + (6 - 13) + 10 + -7?
-5
What is the value of 5 - (-5 - (0 - 2)) - (150 - 153)?
11
What is 5 - (-4 + (7 - -5) + 1)?
-4
Evaluate -12 + (-28 - -18) - -50.
28
What is the value of -6 + 3 + (45 - 28) + 1 + -8?
7
Evaluate (35 - 3) + 2 + -27 + 11.
18
Evaluate (0 - 18) + 1 - ((44 - 28) + -21).
-12
22 + (8 - 0 - 17) + -4
9
(1035 - 1026) + (-9 - (0 - -1)) - 7
-8
Calculate (-127 - -132) + (-2 - 20).
-17
What is (-13 - -9 - 3) + 15 + (1 - 0)?
9
Calculate -2 - -15 - (12 + 27 + -17).
-9
Evaluate -3 + -9 + (95 - 85).
-2
What is 1 + 12 + (-16 - -10) - 23?
-16
What is (-165 + 169 - (0 + 10)) + -11?
-17
What is -29 - -10 - -8 - -18?
7
Evaluate 210 - 214 - (1 - (15 - -1)).
11
Calculate 7 - (24 + (-11 - (-4 - 4))).
-14
Calculate 46 + -8 + -9 - 17.
12
8 + -2 + -2 + -2 + -1 + 5
6
What is the value of -62 + (23 - -1) - -10?
-28
What is 18 + -30 + -1 + 3?
-10
(-1 - -43) + -3 + (10 - 19) + -9
21
What is (3 - (7 + -3)) + (-9 - -4)?
-6
Evaluate 1 + 18 + -44 - -24.
-1
Calculate 3 + 1 + (20 - 0 - 30).
-6
Calculate 18 + -27 + (22 - -14).
27
Calculate (-19 - (-1 + 3 - 3)) + 10.
-8
-15 + 4 + -1 + 2 - (-9 + 4)
-5
Calculate (9 + -3 + -2 - 0) + (-7 - -9).
6
-6 - 0 - (37 - -8 - 22)
-29
Calculate (-16 - (-1 - 0)) + (-48 - -56).
-7
1 + -9 + ((6 - 12) + 15 - 9)
-8
What is the value of -4 + (11 + -28 - 4) + 9?
-16
2 + -1 - (3 - (2 + -3))
-3
Calculate (0 - (2 - 0) - 4) + -2 + 6.
-2
Evaluate 5 + (-12 - (-27 + 15)).
5
18 - (-7 + -3 + (31 - 21))
18
Calculate 9 + (-10 - 6) - (0 + -13 + 1).
5
What is the value of 5 + -20 - (55 - 45)?
-25
2 + -7 + (-1 - -25 - 16)
3
What is -111 - -129 - (-4 + 25)?
-3
What is -22 - ((-1 - -8) + 1 + -42 + 44)?
-32
What is the value of 1 + -3 - (-9 - (29 + -38))?
-2
3 + -2 + (2 - 1) + (-441 - -446)
7
What is the value of (1 + (13 - 7) - 7) + 6?
6
What is the value of -21 - 4 - (-136 - -118)?
-7
16 + -1 + -1 - ((53 - -11) + -57)
7
Calculate 0 - (0 - 3 - -5) - (4 + 0).
-6
What is 10 - (9 - (-5 + 28) - -8)?
16
25 - (-3 + 59 + -22)
-9
Evaluate -479 + 464 - (0 + -34).
19
(-3 - -3) + (-10 + 19 - 7)
2
Evaluate (-30 + 13 - -52) + -23.
12
(1 - (-6 + 3 - 0)) + 10
14
-220 + 220 + 1 + -2 + -1 + 2
0
Calculate -10 - 0 - (-408 + 376).
22
What is the value of 8 + 0 - 2 - (3 - 2 - 1)?
6
What is the value of 18 - (0 + 2 + -5 + -278 + 287)?
12
What is -3 + 1 + (-6 - (-20 + 3) - 6)?
3
What is the value of (3 - 5 - 4) + 3 + -5?
-8
What is -3 + 5 - 25 - (23 + -40)?
-6
What is -2 - -5 - (-4 - (-6 - (1 - 6)))?
6
(2 - -3) + (3 - (-16 + 8) - 6)
10
What is the value of -47 - -23 - -35 - (-1 - -1)?
11
23 - (-5 - (-2 + -4))
22
(-14 - 1) + -8 + 12
-11
-1 + -5 + (-15 - -18) + 1 + -11
-13
Calculate -9 + 11 + -1 + (-67 - -66).
0
What is the value of (34 - 1) + (5 + 3 - (165 - 156))?
32
What is the value of -10 + 24 - (18 + 30)?
-34
What is the value of 3 + 7 + (13 - (19 - 3))?
7
What is -19 + 5 + (1 - 9) + 15?
-7
What is 27 - 0 - (-493 - -505)?
15
Evaluate -4 + 16 + -3 + -24.
-15
What is -2 - 2 - ((11 - 22) + 16)?
-9
What is 2 - (10 + (8 - 15) + 5)?
-6
What is (-8 - -6) + -2 + -9?
-13
Calculate 1 + 1 - 7 - (-23 + -59 + 42).
35
What is 7 + -69 + 61 + 0 + -1?
-2
What is 14 + -1 + -12 + 11?
12
What is the value of 0 + -1 - (3 + -1) - (-56 + 67)?
-14
What is the value of -5 - -13 - 17 - (-2 - -4)?
-11
23 + -6 - (17 - 0)
0
What is the value of -2 + 5 + 14 + -20 - -15?
12
Evaluate 223 + -200 + 2 + -6.
19
-8 + 38 + -19 + (4 - 1)
14
Calculate 29 + 0 - (-326 + 358).
-3
Calculate (-8 + 6 - 6 - -19) + 8 + 6.
25
-12 + (-4 - 7 - (-6 - 9)) - 11
-19
Evaluate (-1 + 1 - (-94 + 88)) + 1 + 1.
8
What is 27 + (-20 - 12) + 15?
10
What is (173 - 157) + -2 + -13 + 15 + -1?
15
Evaluate (-8 - 5) + (-9 - -6) + (-3 - -2).
-17
Evaluate 19 - (-13 + 26 + -9).
15
Calculate -8 - -5 - (-2 - -1 - (-2 + 5)).
1
What is the value of 14 + (-12 - 4) - 8 - (1 + -8)?
-3
-2 + -1 + (0 - (7 + (3 - -13)))
-26
Evaluate -16 + 36 - 3 - 28.
-11
Evaluate 45 + -44 + 13 + 1.
15
What is 8 - (31 - 19) - -14?
10
Evaluate 16 - (-13 + (-2 - -8) + 12).
11
Evaluate -11 + 4 + (5 - 13) + -37 + 23.
-29
What is 14 - (7 + 1) - -7?
13
What is the value of -373 + 384 + 2 + -16?
-3
Evaluate -4 + (-6 - 0) + 13 + (15 - 28).
-10
Calculate 0 - (-1 - 12) - 2.
11
What is the value of 102 + -121 + (0 - -39)?
20
Evaluate (-19 - -2) + (9 - (-2 - 7 - -14)).
-13
-5 + (0 - 3) + -19 + 20
-7
Evaluate -17 + (-1 - (5 - (-9 - -14))).
-18
Calculate (8 - (20 + -14)) + -5 - (2 + 1).
-6
Calculate 14 + (-5 - (5 - 6)) - 6 - -12.
16
(0 - 14) + (0 - 4 - (-4 + 3))
-17
What is 11 + (-19 - -5 - 17)?
-20
Calculate -5 + 3 - -5 - 13.
-10
(11 - (15 + -8)) + 2 - 1
5
(0 + 9 + -9 - 5) + 22
17
-2 + 1 + 3 - (-5 - (1 + -3))
5
What is 2 + -1 + 1 + -23 + (23 - 7)?
-5
(-1 - -8) + (-8 - -15)
14
What is -9 + 2 + (-7 - (-25 + 28))?
-17
Calculate (-5 - (-8 + 8) - 0) + (-15 - -54).
34
What is (-4 + 2 - -4 - -3) + -4?
1
Calculate 0 + -2 + -12 - -1.
-13
Calculate -1 - -18 - (35 - 31 - -4).
9
Calculate -5 + 5 - (1 - (-2 + 0)).
-3
Calculate 41 + -47 - (-3 + -1 + 4).
-6
Calculate 4 + 17 + -1 - 16.
4
Evaluate (3 - -2 - 4) + (255 - 283).
-27
Evaluate 0 + 8 + -24 - (-10 - -20).
-26
What is the value of -1 + -10 - (-99 + 30 + 47)?
11
Evaluate 4 + 2 + 8 + 7 - 2.
19
Evaluate 14 - (3 + -1) - (10 - 1).
3
Evaluate 4 + -1 + -6 + (-6 - (1 + 1)).
-11
What is (0 - (2 + -20)) + 41 + -48?
11
-27 - (-55 - (-4 - 25))
-1
Evaluate (-1 - 7) + (25 - (-13 - -27) - 11).
-8
-6 + (4 - 6) + (13 - 13)
-8
What is the value of (4 - 4 - -1) + 5 - 4 - -6?
8
Evaluate -61 + -25 + 68 + (-1 - (-2 + 3)).
-20
What is the value of -7 + 7 + -1 + 21 + -4?
16
What is -4 - (7 - (-2 + 16))?
3
Evaluate -2 + (1 + 9 - (